{"id":254,"date":"2015-09-25T20:41:20","date_gmt":"2015-09-25T18:41:20","guid":{"rendered":"http:\/\/themedemos.webmandesign.eu\/polyclinic\/?page_id=254"},"modified":"2025-02-18T17:12:20","modified_gmt":"2025-02-18T17:12:20","slug":"hakkimizda","status":"publish","type":"page","link":"https:\/\/www.uzmandiyaliz.com\/?page_id=254","title":{"rendered":"Hakk\u0131m\u0131zda"},"content":{"rendered":"\n\n\t<h1><strong>Hakk\u0131m\u0131zda<\/strong><\/h1>\n\t<p>\u00d6zel Burdur <strong>Uzman<\/strong> Diyaliz Merkezi<\/p>\n<p>2011 y\u0131l\u0131ndan bu yana L\u0130DER D\u0130YAL\u0130Z MERKEZ\u0130 ad\u0131 ile faaliyet g\u00f6steren ve y\u0131llar i\u00e7erisinde b\u00f6lgede ve \u00e7evre illerdeki hastalara sundu\u011fu hemodiyaliz hizmet tecr\u00fcbesini 2018 ocak ay\u0131 itibari ile \u015firket y\u00f6netim kurulu de\u011fi\u015fimi ile birlikte faaliyetlerini BURDUR UZMAN D\u0130YAL\u0130Z ismi ad\u0131 alt\u0131nda y\u00fcr\u00fctmektedir.<\/p>\n<p>Diyaliz merkezimiz Mart 2018&#8242; de hasta, hasta yak\u0131n\u0131 ve \u00e7al\u0131\u015fan konforunu \u00fcst seviyeye \u00e7\u0131kararak, yeni yerinde \u00e7al\u0131\u015fmalar\u0131n\u0131 s\u00fcrd\u00fcrmeye devam etmektedir.<\/p>\n<p>Merkezimiz Burdur &amp; Isparta &amp; Afyonkarahisar illeri ve il\u00e7elerinde bulunan hastalar\u0131m\u0131za hizmet vermektedir.<\/p>\n<p>Diyaliz Merkezimizin Sa\u011fl\u0131k Bakanl\u0131\u011f\u0131 Hizmet Kalite standartlar\u0131na uygun olarak Kalite Y\u00f6netim Biriminin olu\u015fturularak, \u00e7al\u0131\u015fmalar\u0131n\u0131 Sa\u011fl\u0131k Bakanl\u0131\u011f\u0131 Hizmet Kalite Standartlar\u0131 (SKS) \u00e7er\u00e7evesinde s\u00fcrd\u00fcrmesini sa\u011flamakt\u0131r.<\/p>\n<p>Merkezimizde 14 Adet Fresenius 4008 S 15 Adet Braun marka hemodiyaliz cihaz\u0131 bulunmaktad\u0131r. Ayr\u0131ca 30 Cihaz kapasiteli Revers osmos ve Endotoxin filtre i\u00e7eren SU S\u0130STEM\u0130 merkezimizde faaliyet g\u00f6stermektedir.<\/p>\n<p>2024 model Fiat Ducato marka \u00fc\u00e7 adet servis arac\u0131 ve \u015fehir i\u00e7i servis ara\u00e7lar\u0131 ile hastalar\u0131m\u0131z evlerinden al\u0131nmak sureti ile merkezimizde hemodiyaliz tedavileri yap\u0131larak tedavi sonras\u0131nda yine evlerine b\u0131rak\u0131lmaktad\u0131r.<\/p>\n<p>Hasta ve \u00e7al\u0131\u015fan memnuniyetini \u00f6n planda tutan bir \u00e7al\u0131\u015fma anlay\u0131\u015f\u0131m\u0131z ile hizmetlerimizi y\u00f6netti\u011fimiz merkezimizde hastalar\u0131m\u0131za \u00e7ay, kahve ikramlar\u0131 ve aperitif yiyecek ve yemek ikramlar\u0131 yap\u0131lmaktad\u0131r.<\/p>\n<div class=\"wm-content-module wm-posts-wrap clearfix wm-content-module-singular\"><div class=\"wm-content-module-item wm-content-module-item-1579 wm-iconbox-module\"><div class=\"wm-content-module-element wm-html-element title\"><h2>Uzman Kadro<\/h2><\/div><div class=\"wm-content-module-element wm-html-element content\"><p class=\"uppercase\"><strong>Uzman kadro<\/strong><\/p>\n<p>Merkezimizde 1 uzman hekim 1 diyaliz sertifikal\u0131 pratisyen hekim 1 diyaliz sertifikal\u0131 hem\u015fire ve 6 diyaliz teknikeri 1 diyetisyen bulunmaktad\u0131r.<\/p>\n<\/div><\/div><\/div><div class=\"wm-content-module wm-posts-wrap clearfix wm-content-module-singular\"><div class=\"wm-content-module-item wm-content-module-item-1581 wm-iconbox-module\"><div class=\"wm-content-module-element wm-html-element title\"><h2>Teknolojik Cihazlar<\/h2><\/div><div class=\"wm-content-module-element wm-html-element content\"><p class=\"uppercase\"><strong>TEKNOLOJ\u0130K C\u0130HAZLAR<\/strong><\/p>\n<p>Merkezimizde kullan\u0131lan cihazlar: Fresen\u0131us 4008s ve Fresen\u0131us 4008b. Su ar\u0131tma sistemi :online\u00a0 30 makina besleyecek kapasitelidir.<\/p>\n<\/div><\/div><\/div><div class=\"wm-content-module wm-posts-wrap clearfix wm-content-module-singular\"><div class=\"wm-content-module-item wm-content-module-item-1582 wm-iconbox-module\"><div class=\"wm-content-module-element wm-html-element title\"><h2>D\u00fczenli Takip<\/h2><\/div><div class=\"wm-content-module-element wm-html-element content\"><p class=\"uppercase\"><strong>D\u00dcZENL\u0130 TAK\u0130P<\/strong><\/p>\n<p>Hastalar\u0131n her ay d\u00fczenli olarak diyaliz y\u00f6netmeli\u011fine uygun \u015fekilde kan tahlilleri\u00a0 uzman hekim taraf\u0131ndan kontrolleri yap\u0131l\u0131r<\/p>\n<\/div><\/div><\/div><div class=\"wm-content-module wm-posts-wrap clearfix wm-content-module-singular\"><div class=\"wm-content-module-item wm-content-module-item-1584 wm-iconbox-module\"><div class=\"wm-content-module-element wm-html-element title\"><h2>Do\u011fru Bilgilendirme<\/h2><\/div><div class=\"wm-content-module-element wm-html-element content\"><p class=\"uppercase\"><strong>DO\u011eRU B\u0130LG\u0130LEND\u0130RME<\/strong><\/p>\n<p>Merkezimizde takibi yap\u0131lan hastalara \u00a0tedavi se\u00e7enekleri hakk\u0131nda( periton diyaliz hemodiyaliz b\u00f6brek nakli) bilgilendirme yap\u0131l\u0131r.<\/p>\n<\/div><\/div><\/div>\n","protected":false},"excerpt":{"rendered":"<div class=\"entry-summary\"><div class=\"entry-summary\">\n<p>DO\u011eRU B\u0130LG\u0130LEND\u0130RME Merkezimizde takibi yap\u0131lan hastalara \u00a0tedavi se\u00e7enekleri hakk\u0131nda( periton diyaliz hemodiyaliz b\u00f6brek nakli) bilgilendirme yap\u0131l\u0131r.<\/p>\n<\/div>\n<\/div>","protected":false},"author":1,"featured_media":0,"parent":0,"menu_order":35,"comment_status":"closed","ping_status":"closed","template":"templates\/no-title.php","meta":{"footnotes":""},"class_list":["post-254","page","type-page","status-publish","hentry","entry"],"_links":{"self":[{"href":"https:\/\/www.uzmandiyaliz.com\/index.php?rest_route=\/wp\/v2\/pages\/254","targetHints":{"allow":["GET"]}}],"collection":[{"href":"https:\/\/www.uzmandiyaliz.com\/index.php?rest_route=\/wp\/v2\/pages"}],"about":[{"href":"https:\/\/www.uzmandiyaliz.com\/index.php?rest_route=\/wp\/v2\/types\/page"}],"author":[{"embeddable":true,"href":"https:\/\/www.uzmandiyaliz.com\/index.php?rest_route=\/wp\/v2\/users\/1"}],"replies":[{"embeddable":true,"href":"https:\/\/www.uzmandiyaliz.com\/index.php?rest_route=%2Fwp%2Fv2%2Fcomments&post=254"}],"version-history":[{"count":28,"href":"https:\/\/www.uzmandiyaliz.com\/index.php?rest_route=\/wp\/v2\/pages\/254\/revisions"}],"predecessor-version":[{"id":2322,"href":"https:\/\/www.uzmandiyaliz.com\/index.php?rest_route=\/wp\/v2\/pages\/254\/revisions\/2322"}],"wp:attachment":[{"href":"https:\/\/www.uzmandiyaliz.com\/index.php?rest_route=%2Fwp%2Fv2%2Fmedia&parent=254"}],"curies":[{"name":"wp","href":"https:\/\/api.w.org\/{rel}","templated":true}]}}