{"id":94,"date":"2015-09-20T22:58:19","date_gmt":"2015-09-20T20:58:19","guid":{"rendered":"http:\/\/themedemos.webmandesign.eu\/polyclinic\/?page_id=94"},"modified":"2018-09-16T20:20:35","modified_gmt":"2018-09-16T20:20:35","slug":"frequently-asked-questions","status":"publish","type":"page","link":"https:\/\/www.uzmandiyaliz.com\/?page_id=94","title":{"rendered":"S\u0131k Sorulan Sorular"},"content":{"rendered":"<p>Diyaliz hakk\u0131nda merak edilen konulara buradan ula\u015fabilirsiniz.<\/p>\n<div class=\"wm-accordion clearfix\" data-active=\"0\" data-mode=\"toggle\">\r\n<div class=\"wm-item wm-item-wrap tag-Visit\"><h3 class=\"wm-item-title tag-Visit\" data-tags=\"tag-Visit\" data-tag-names=\"Visit\"><span class=\"icon-medical-registration\" aria-hidden=\"true\"> <\/span>Diyaliz Nedir?<\/h3><div class=\"wm-item-content clearfix DiyalizNedir\"><p>Diyaliz, b\u00f6brek yetmezli\u011fi olan insanlarda, v\u00fccutta birikmi\u015f olan fazla s\u0131v\u0131 ve at\u0131k maddelerin yar\u0131 ge\u00e7irgen bir membran (zar) arac\u0131l\u0131\u011f\u0131yla temizlenmesi i\u015flemine denilmektedir.<\/p>\n<\/div><\/div>\r\n\r\n<div class=\"wm-item wm-item-wrap tag-Giving\"><h3 class=\"wm-item-title tag-Giving\" data-tags=\"tag-Giving\" data-tag-names=\"Giving\"><span class=\"icon-medical-social\" aria-hidden=\"true\"> <\/span>Hemodiyaliz Nedir ?<\/h3><div class=\"wm-item-content clearfix HemodiyalizNedir\"><p>\u0130lerlemi\u015f b\u00f6brek yetmezli\u011fi olan, art\u0131k b\u00f6brekleri g\u00f6revini yapmayan hastalar\u0131n A-V fist\u00fcl veya kateter yoluyla kanlar\u0131n\u0131n al\u0131narak, bir hemodiyaliz cihaz\u0131n\u0131n yard\u0131m\u0131yla yar\u0131 ge\u00e7irgen bir membrandan ge\u00e7irmek suretiyle \u00fcremik zararl\u0131 maddelerden temizlenerek, fazla suyu da al\u0131narak i\u00e7eri\u011fi yeniden d\u00fczenlenmi\u015f temiz kan\u0131n hastaya yeniden verilmesi i\u015flemidir.<\/p>\n<\/div><\/div>\r\n\r\n<div class=\"wm-item wm-item-wrap tag-X-ray\"><h3 class=\"wm-item-title tag-X-ray\" data-tags=\"tag-X-ray\" data-tag-names=\"X-ray\"><span class=\"icon-medical-radiology\" aria-hidden=\"true\"> <\/span>Ka\u00e7 T\u00fcr Diyaliz Tedavisi Vard\u0131r ?<\/h3><div class=\"wm-item-content clearfix KaTrDiyalizTedavisiVardr\"><p>\u0130ki t\u00fcr diyaliz tedavisi vard\u0131r:<\/p>\n<p>1-Hemodiyaliz<br \/>\n2-Periton diyalizi<\/p>\n<\/div><\/div>\r\n\r\n<div class=\"wm-item wm-item-wrap tag-Accessibility\"><h3 class=\"wm-item-title tag-Accessibility\" data-tags=\"tag-Accessibility\" data-tag-names=\"Accessibility\"><span class=\"icon-wheelchair\" aria-hidden=\"true\"> <\/span>Hemodiyaliz Tedavisine A\u00e7 M\u0131 Gitmeliyim?<\/h3><div class=\"wm-item-content clearfix HemodiyalizTedavisineAMGitmeliyim\"><p>Hay\u0131r. Diyalizden 1-2 saat \u00f6nce hafif g\u0131dalarla a\u00e7l\u0131\u011f\u0131n giderilmesi hemodiyaliz seans\u0131n\u0131n daha rahat ge\u00e7mesini sa\u011flar.<\/p>\n<\/div><\/div>\r\n\r\n<div class=\"wm-item wm-item-wrap tag-Giving\"><h3 class=\"wm-item-title tag-Giving\" data-tags=\"tag-Giving\" data-tag-names=\"Giving\"><span class=\"icon-medical-social\" aria-hidden=\"true\"> <\/span>Hangi Hastalara Diyaliz Tedavisi Gereklidir?<\/h3><div class=\"wm-item-content clearfix HangiHastalaraDiyalizTedavisiGereklidir\"><p>1- B\u00f6brek fonksiyonlar\u0131n\u0131n % 80 &#8211; 90&#8217;n\u0131 kaybetmi\u015f hastalarda2- B\u00f6brek yetmezli\u011fine ba\u011fl\u0131 tedavisi \u00f6nlenemeyen kusmalarda3- Tedaviye cevaps\u0131z s\u0131v\u0131 fazlal\u0131\u011f\u0131nda4- B\u00f6brek yetmezli\u011fine ba\u011fl\u0131 kanama e\u011filimi olanlarda5- B\u00f6brek yetmezli\u011fine ba\u011fl\u0131 bilin\u00e7 bulan\u0131kl\u0131\u011f\u0131 olanlarda6- B\u00f6brek yetmezli\u011fine ba\u011fl\u0131 perikardit olanlarda<\/p>\n<\/div><\/div>\r\n\r\n<div class=\"wm-item wm-item-wrap tag-Staff\"><h3 class=\"wm-item-title tag-Staff\" data-tags=\"tag-Staff\" data-tag-names=\"Staff\"><span class=\"icon-stethoscope\" aria-hidden=\"true\"> <\/span>Diyaliz Makinesinde Ka\u00e7 Saat Kal\u0131n\u0131yor<\/h3><div class=\"wm-item-content clearfix DiyalizMakinesindeKaSaatKalnyor\"><p>Diyaliz de 3 ila 4 saat aras\u0131 kal\u0131nabilir.<\/p>\n<\/div><\/div>\r\n\r\n<div class=\"wm-item wm-item-wrap tag-Accessibility\"><h3 class=\"wm-item-title tag-Accessibility\" data-tags=\"tag-Accessibility\" data-tag-names=\"Accessibility\"><span class=\"icon-wheelchair\" aria-hidden=\"true\"> <\/span>Diyaliz hastalar\u0131nda suyun \u00f6nemi ?<\/h3><div class=\"wm-item-content clearfix Diyalizhastalarndasuyunnemi\"><p>Sabah kalk\u0131nca,o g\u00fcn i\u00e7ece\u011finiz \u00f6l\u00e7\u00fcl\u00fc suyu bir kaba doldurun ve g\u00fcn boyunca ayn\u0131 kaptan kullan\u0131n. Buzdolab\u0131n\u0131n kapa\u011f\u0131na bir ka\u011f\u0131t yap\u0131\u015ft\u0131r\u0131p her su i\u00e7i\u015finizi ve miktar\u0131n\u0131z\u0131 yaz\u0131n k\u0131\u015f ne kadar su i\u00e7ti\u011finizi anlay\u0131n. Her t\u00fcrl\u00fc s\u0131v\u0131y\u0131 k\u00fc\u00e7\u00fck bardaktan i\u00e7in. Tuz i\u00e7eri\u011fi fazla g\u0131dalardan uzak durun. Yemekler aras\u0131nda diyetisyenin izin verdi\u011fi meyvelerden yiyin. A\u011f\u0131z kurulu\u011funa kar\u015f\u0131,ince kesilmi\u015f limon kabu\u011fu \u00e7i\u011fneyin. \u0130la\u00e7lar\u0131 yemek s\u0131ras\u0131nda i\u00e7ti\u011finiz su ile i\u00e7in. M\u00fcmk\u00fcn oldu\u011funca oyalay\u0131c\u0131 i\u015fler yap\u0131n.A\u011fz\u0131n\u0131zda suyu \u00e7alkalay\u0131n fakat i\u00e7meyiniz. K\u0131\u015f\u0131n a\u011f\u0131z kurulu\u011funu \u00f6nlemek i\u00e7in soba veya kalorifer \u00fczerine bir kap su koyun. Normalde suyu i\u00e7ti\u011finiz evdeki b\u00f6l\u00fcmlerden uzak durun.<\/p>\n<\/div><\/div>\r\n\r\n<div class=\"wm-item wm-item-wrap\"><h3 class=\"wm-item-title\" data-tags=\"\" data-tag-names=\"\"><span class=\"icon-user-md\" aria-hidden=\"true\"> <\/span>\u00dcremik Sendromu ve Belirtileri Nelerdir ?<\/h3><div class=\"wm-item-content clearfix remikSendromuveBelirtileriNelerdir\"><p>Kan d\u00fczeyleri y\u00fckselmi\u015f bulunan azotlu madde ve di\u011fer y\u0131k\u0131m \u00fcr\u00fcnlerinin toksik etkileri sonucunda ortaya \u00e7\u0131kan belirti ve bulgulardan olu\u015fur.<br \/>\n<strong>Belirtiler:\u00a0<\/strong><br \/>\n\u00dcremik hastalar\u0131n uyand\u0131ktan hemen sonra bulant\u0131 ve kusma yak\u0131nmalar\u0131 vard\u0131r. \u0130\u015ftahs\u0131zl\u0131k g\u00f6r\u00fclebilir,yemek yemenin hastal\u0131klar\u0131n\u0131 art\u0131raca\u011f\u0131 d\u00fc\u015f\u00fcncesi buna katk\u0131da bulunur. \u00c7o\u011fu kez yorgunluk , halsizlik ve\/veya \u00fc\u015f\u00fcme hissinden yak\u0131n\u0131rlar. Mental durumlar\u0131 de\u011fi\u015fmi\u015ftir,ba\u015flang\u0131\u00e7ta ki\u015filikte \u00e7ok dikkat \u00e7ekmeyen de\u011fi\u015fiklikler vard\u0131r,ama giderek konf\u00fczyon tablosu ve sonunda koma geli\u015febilir.<\/p>\n<\/div><\/div>\r\n<\/div>\n","protected":false},"excerpt":{"rendered":"<div class=\"entry-summary\"><div class=\"entry-summary\">\n<p>Diyaliz hakk\u0131nda merak edilen konulara buradan ula\u015fabilirsiniz.<\/p>\n<\/div>\n<div class=\"link-more\"><a href=\"https:\/\/www.uzmandiyaliz.com\/?page_id=94\" class=\"more-link\">Devam\u0131n\u0131 oku<span class=\"screen-reader-text\"> &ldquo;S\u0131k Sorulan Sorular&rdquo;<\/span>&hellip;<\/a><\/div>\n<\/div><div class=\"link-more\"><a href=\"https:\/\/www.uzmandiyaliz.com\/?page_id=94\" class=\"more-link\">Devam\u0131n\u0131 oku<span class=\"screen-reader-text\"> &ldquo;S\u0131k Sorulan Sorular&rdquo;<\/span>&hellip;<\/a><\/div>","protected":false},"author":1,"featured_media":0,"parent":1049,"menu_order":26,"comment_status":"closed","ping_status":"closed","template":"templates\/with-sidebar.php","meta":{"footnotes":""},"class_list":["post-94","page","type-page","status-publish","hentry","entry"],"_links":{"self":[{"href":"https:\/\/www.uzmandiyaliz.com\/index.php?rest_route=\/wp\/v2\/pages\/94","targetHints":{"allow":["GET"]}}],"collection":[{"href":"https:\/\/www.uzmandiyaliz.com\/index.php?rest_route=\/wp\/v2\/pages"}],"about":[{"href":"https:\/\/www.uzmandiyaliz.com\/index.php?rest_route=\/wp\/v2\/types\/page"}],"author":[{"embeddable":true,"href":"https:\/\/www.uzmandiyaliz.com\/index.php?rest_route=\/wp\/v2\/users\/1"}],"replies":[{"embeddable":true,"href":"https:\/\/www.uzmandiyaliz.com\/index.php?rest_route=%2Fwp%2Fv2%2Fcomments&post=94"}],"version-history":[{"count":11,"href":"https:\/\/www.uzmandiyaliz.com\/index.php?rest_route=\/wp\/v2\/pages\/94\/revisions"}],"predecessor-version":[{"id":2172,"href":"https:\/\/www.uzmandiyaliz.com\/index.php?rest_route=\/wp\/v2\/pages\/94\/revisions\/2172"}],"up":[{"embeddable":true,"href":"https:\/\/www.uzmandiyaliz.com\/index.php?rest_route=\/wp\/v2\/pages\/1049"}],"wp:attachment":[{"href":"https:\/\/www.uzmandiyaliz.com\/index.php?rest_route=%2Fwp%2Fv2%2Fmedia&parent=94"}],"curies":[{"name":"wp","href":"https:\/\/api.w.org\/{rel}","templated":true}]}}